{"id":3943,"date":"2022-01-21T13:50:46","date_gmt":"2022-01-21T13:50:46","guid":{"rendered":"https:\/\/estudiokonzept.com\/store\/?page_id=3943"},"modified":"2022-09-10T18:31:55","modified_gmt":"2022-09-10T18:31:55","slug":"guia-de-compra","status":"publish","type":"page","link":"https:\/\/estudiokonzept.com\/store\/guia-de-compra\/","title":{"rendered":"Gu\u00eda de compra"},"content":{"rendered":"<section class=\"wpb-content-wrapper\"><p>[vc_row][vc_column][vc_column_text]<strong>Proceso de compra.<\/strong><\/p>\n<ol>\n<li>A\u00f1ade tus art\u00edculos al carrito.<\/li>\n<li>Clica en el bot\u00f3n &#8220;finalizar compra&#8221;.<\/li>\n<li>Rellena los datos de facturaci\u00f3n del pedido y direcci\u00f3n de entrega. Es muy importante que revises detenidamente que todos los datos introducidos son correctos. Si quieres que tu direcci\u00f3n de entrega sea diferente a la de facturaci\u00f3n, por favor, selecciona &#8220;enviar a una direcci\u00f3n diferente&#8221; y a continuaci\u00f3n rellena el formulario con la direcci\u00f3n de entrega. Tambi\u00e9n puedes a\u00f1adir notas al pedido como: calle peatonal \u00f3 acceso por otra v\u00eda, contacto solo por las tardes etc.<\/li>\n<li>Disfruta de tu c\u00f3digo de descuento, no olvides introducirlo en &#8221; \u00bfTienes un cup\u00f3n?.<\/li>\n<li>Selecciona tu m\u00e9todo de pago (tarjeta, transferencia \u00f3 PayPal).<\/li>\n<li>Lee detenidamente los t\u00e9rminos y condiciones y si est\u00e1s de acuerdo, ac\u00e9ptalos.<\/li>\n<li>Realiza el pedido. Muchas entidades bancarias te pedir\u00e1n que verifiques la transacci\u00f3n, si es as\u00ed, sigue los pasos que te marquen.<\/li>\n<li>Recibir\u00e1s un email con los datos de tu pedido y \u00a1listo! solo queda esperar la entrega para disfrutarlo.<\/li>\n<\/ol>\n<p>[\/vc_column_text][\/vc_column][\/vc_row][vc_row][vc_column][vc_column_text]<strong>Uso de cupones descuento.<\/strong><\/p>\n<p>Puedes aplicar el cup\u00f3n especial de descuento de bienvenida en el carrito en tu primera compra o en alguna de las siguientes que realices. El uso del cup\u00f3n est\u00e1 limitado a una \u00fanica vez por usuario, direcci\u00f3n de email o direcci\u00f3n de facturaci\u00f3n y\/o env\u00edo.[\/vc_column_text][\/vc_column][\/vc_row][vc_row][vc_column][vc_column_text]<strong>Lista de deseos.<\/strong><\/p>\n<p>Ya puedes a\u00f1adir los art\u00edculos que m\u00e1s te gusten y crear tu propia lista de deseos. Para ello solo tienes que registrarte para crear tu cuenta, iniciar sesi\u00f3n y darle al coraz\u00f3n a \u00a1todos los art\u00edculos que te enamoren!<\/p>\n<p>Para acceder a ella puedes hacerlo desde tu cuenta o directamente el desplegable aparece en la pantalla arriba a la derecha.[\/vc_column_text][\/vc_column][\/vc_row][vc_row][vc_column][vc_column_text]<strong>Shop de room.<\/strong><\/p>\n<p>Si te gusta la habitaci\u00f3n que hemos creado para ti y encaja perfectamente con tu estilo, en nuestra secci\u00f3n &#8220;Shop the room&#8221; \u00a1te lo ponemos f\u00e1cil!, puedes adquirir de forma r\u00e1pida todos los art\u00edculos que aparecen en la composici\u00f3n de la imagen principal con solo clicar en &#8220;a\u00f1adir al carrito&#8221; directamente en el producto que ver\u00e1s al lado.[\/vc_column_text][\/vc_column][\/vc_row][vc_row][vc_column][vc_column_text]<strong>Comparador de productos.<\/strong><\/p>\n<p>Nuestro comparador de productos te permite seleccionar hasta 4 art\u00edculos y ver en una sola p\u00e1gina su descripci\u00f3n, tiempo de entrega, formas de pago, disponibilidad, medidas, peso, colores, materiales y precio.<\/p>\n<p>Para utilizar esta herramienta puedes hacerlo de dos maneras:<\/p>\n<ol>\n<li>Desde la categor\u00eda principal del producto: coloca el cursor encima de la foto (sin hacer click) y pincha en el bot\u00f3n del comparador que te aparecer\u00e1 junto al de &#8220;a\u00f1adir al carrito&#8221; y &#8220;a\u00f1adir a la lista de deseos&#8221;, tu art\u00edculo se incluir\u00e1 autom\u00e1ticamente y lo ver\u00e1s en la barra de abajo.<\/li>\n<li>En la propia p\u00e1gina del art\u00edculo, debajo de &#8220;a\u00f1adir al carrito&#8221; ver\u00e1s el icono del comparador, haz click sobre \u00e9l y se incluir\u00e1 autom\u00e1ticamente.<\/li>\n<\/ol>\n<p>[\/vc_column_text][\/vc_column][\/vc_row]<\/p>\n<\/section>","protected":false},"excerpt":{"rendered":"<p>[vc_row][vc_column][vc_column_text]Proceso de compra. A\u00f1ade tus art\u00edculos al carrito. Clica en el bot\u00f3n &#8220;finalizar compra&#8221;. Rellena los datos de facturaci\u00f3n del\u2026<\/p>\n","protected":false},"author":1,"featured_media":0,"parent":0,"menu_order":0,"comment_status":"closed","ping_status":"closed","template":"","meta":{"_monsterinsights_skip_tracking":false,"_monsterinsights_sitenote_active":false,"_monsterinsights_sitenote_note":"","_monsterinsights_sitenote_category":0,"footnotes":""},"acf":[],"aioseo_notices":[],"_links":{"self":[{"href":"https:\/\/estudiokonzept.com\/store\/wp-json\/wp\/v2\/pages\/3943"}],"collection":[{"href":"https:\/\/estudiokonzept.com\/store\/wp-json\/wp\/v2\/pages"}],"about":[{"href":"https:\/\/estudiokonzept.com\/store\/wp-json\/wp\/v2\/types\/page"}],"author":[{"embeddable":true,"href":"https:\/\/estudiokonzept.com\/store\/wp-json\/wp\/v2\/users\/1"}],"replies":[{"embeddable":true,"href":"https:\/\/estudiokonzept.com\/store\/wp-json\/wp\/v2\/comments?post=3943"}],"version-history":[{"count":8,"href":"https:\/\/estudiokonzept.com\/store\/wp-json\/wp\/v2\/pages\/3943\/revisions"}],"predecessor-version":[{"id":9052,"href":"https:\/\/estudiokonzept.com\/store\/wp-json\/wp\/v2\/pages\/3943\/revisions\/9052"}],"wp:attachment":[{"href":"https:\/\/estudiokonzept.com\/store\/wp-json\/wp\/v2\/media?parent=3943"}],"curies":[{"name":"wp","href":"https:\/\/api.w.org\/{rel}","templated":true}]}}